{"id":82,"date":"2021-04-24T19:42:57","date_gmt":"2021-04-24T17:42:57","guid":{"rendered":"https:\/\/www.dentie.sk\/?page_id=82"},"modified":"2021-04-28T21:02:28","modified_gmt":"2021-04-28T19:02:28","slug":"nas-tym-2","status":"publish","type":"page","link":"https:\/\/www.dentie.sk\/?page_id=82","title":{"rendered":"N\u00e1\u0161 t\u00edm"},"content":{"rendered":"\n<figure class=\"wp-block-gallery columns-1 is-cropped\"><ul class=\"blocks-gallery-grid\"><li class=\"blocks-gallery-item\"><figure><img loading=\"lazy\" width=\"1024\" height=\"683\" src=\"https:\/\/www.dentie.sk\/wp-content\/uploads\/2021\/04\/DSC3739-1-1024x683.jpg\" alt=\"\" data-id=\"200\" data-full-url=\"https:\/\/www.dentie.sk\/wp-content\/uploads\/2021\/04\/DSC3739-1-scaled.jpg\" data-link=\"https:\/\/www.dentie.sk\/?attachment_id=200\" class=\"wp-image-200\" srcset=\"https:\/\/www.dentie.sk\/wp-content\/uploads\/2021\/04\/DSC3739-1-1024x683.jpg 1024w, https:\/\/www.dentie.sk\/wp-content\/uploads\/2021\/04\/DSC3739-1-300x200.jpg 300w, https:\/\/www.dentie.sk\/wp-content\/uploads\/2021\/04\/DSC3739-1-768x512.jpg 768w, https:\/\/www.dentie.sk\/wp-content\/uploads\/2021\/04\/DSC3739-1-1536x1024.jpg 1536w, https:\/\/www.dentie.sk\/wp-content\/uploads\/2021\/04\/DSC3739-1-2048x1366.jpg 2048w\" sizes=\"(max-width: 1024px) 100vw, 1024px\" \/><\/figure><\/li><\/ul><\/figure>\n\n\n\n<div class=\"wp-block-image\"><figure class=\"aligncenter size-large is-resized\"><img loading=\"lazy\" src=\"https:\/\/www.dentie.sk\/wp-content\/uploads\/2021\/04\/DSC3664-5-683x1024.jpg\" alt=\"\" class=\"wp-image-142\" width=\"260\" height=\"390\" srcset=\"https:\/\/www.dentie.sk\/wp-content\/uploads\/2021\/04\/DSC3664-5-683x1024.jpg 683w, https:\/\/www.dentie.sk\/wp-content\/uploads\/2021\/04\/DSC3664-5-200x300.jpg 200w, https:\/\/www.dentie.sk\/wp-content\/uploads\/2021\/04\/DSC3664-5-768x1152.jpg 768w, https:\/\/www.dentie.sk\/wp-content\/uploads\/2021\/04\/DSC3664-5-1024x1536.jpg 1024w, https:\/\/www.dentie.sk\/wp-content\/uploads\/2021\/04\/DSC3664-5-1366x2048.jpg 1366w, https:\/\/www.dentie.sk\/wp-content\/uploads\/2021\/04\/DSC3664-5-scaled.jpg 1707w\" sizes=\"(max-width: 260px) 100vw, 260px\" \/><figcaption><strong>MDDr. Marianna Br\u00e1dlerov\u00e1<\/strong> &#8211; zubn\u00fd lek\u00e1r<\/figcaption><\/figure><\/div>\n\n\n\n<div class=\"wp-block-image\"><figure class=\"aligncenter size-large is-resized\"><img loading=\"lazy\" src=\"https:\/\/www.dentie.sk\/wp-content\/uploads\/2021\/04\/DSC3666-1-683x1024.jpg\" alt=\"\" class=\"wp-image-143\" width=\"255\" height=\"382\" srcset=\"https:\/\/www.dentie.sk\/wp-content\/uploads\/2021\/04\/DSC3666-1-683x1024.jpg 683w, https:\/\/www.dentie.sk\/wp-content\/uploads\/2021\/04\/DSC3666-1-200x300.jpg 200w, https:\/\/www.dentie.sk\/wp-content\/uploads\/2021\/04\/DSC3666-1-768x1152.jpg 768w, https:\/\/www.dentie.sk\/wp-content\/uploads\/2021\/04\/DSC3666-1-1024x1536.jpg 1024w, https:\/\/www.dentie.sk\/wp-content\/uploads\/2021\/04\/DSC3666-1-1366x2048.jpg 1366w, https:\/\/www.dentie.sk\/wp-content\/uploads\/2021\/04\/DSC3666-1-scaled.jpg 1707w\" sizes=\"(max-width: 255px) 100vw, 255px\" \/><figcaption><strong>M\u00e1ria Brhelov\u00e1<\/strong> &#8211; zubn\u00e1 sestra<\/figcaption><\/figure><\/div>\n\n\n\n<div class=\"wp-block-image\"><figure class=\"aligncenter size-large is-resized\"><img loading=\"lazy\" src=\"https:\/\/www.dentie.sk\/wp-content\/uploads\/2021\/04\/DSC3695-1-683x1024.jpg\" alt=\"\" class=\"wp-image-230\" width=\"256\" height=\"384\" srcset=\"https:\/\/www.dentie.sk\/wp-content\/uploads\/2021\/04\/DSC3695-1-683x1024.jpg 683w, https:\/\/www.dentie.sk\/wp-content\/uploads\/2021\/04\/DSC3695-1-200x300.jpg 200w, https:\/\/www.dentie.sk\/wp-content\/uploads\/2021\/04\/DSC3695-1-768x1152.jpg 768w, https:\/\/www.dentie.sk\/wp-content\/uploads\/2021\/04\/DSC3695-1-1024x1536.jpg 1024w, https:\/\/www.dentie.sk\/wp-content\/uploads\/2021\/04\/DSC3695-1-1366x2048.jpg 1366w, https:\/\/www.dentie.sk\/wp-content\/uploads\/2021\/04\/DSC3695-1-scaled.jpg 1707w\" sizes=\"(max-width: 256px) 100vw, 256px\" \/><figcaption><strong>Veronika Grigov\u00e1<\/strong> &#8211; dent\u00e1lna hygiena<\/figcaption><\/figure><\/div>\n\n\n\n<div class=\"wp-block-image\"><figure class=\"aligncenter size-large is-resized\"><img loading=\"lazy\" src=\"https:\/\/www.dentie.sk\/wp-content\/uploads\/2021\/04\/DSC3758-od-alic-1024x683.jpg\" alt=\"\" class=\"wp-image-158\" width=\"414\" height=\"275\" srcset=\"https:\/\/www.dentie.sk\/wp-content\/uploads\/2021\/04\/DSC3758-od-alic-1024x683.jpg 1024w, https:\/\/www.dentie.sk\/wp-content\/uploads\/2021\/04\/DSC3758-od-alic-300x200.jpg 300w, https:\/\/www.dentie.sk\/wp-content\/uploads\/2021\/04\/DSC3758-od-alic-768x512.jpg 768w, https:\/\/www.dentie.sk\/wp-content\/uploads\/2021\/04\/DSC3758-od-alic-1536x1024.jpg 1536w, https:\/\/www.dentie.sk\/wp-content\/uploads\/2021\/04\/DSC3758-od-alic-2048x1366.jpg 2048w\" sizes=\"(max-width: 414px) 100vw, 414px\" \/><figcaption><strong>Barbara Mach\u00e1\u010dkov\u00e1<\/strong> &#8211; recep\u010dn\u00e1<\/figcaption><\/figure><\/div>\n","protected":false},"excerpt":{"rendered":"","protected":false},"author":1,"featured_media":0,"parent":0,"menu_order":0,"comment_status":"closed","ping_status":"closed","template":"","meta":[],"yoast_head":"<!-- This site is optimized with the Yoast SEO plugin v16.0.2 - https:\/\/yoast.com\/wordpress\/plugins\/seo\/ -->\n<title>N\u00e1\u0161 t\u00edm - DENTIE zubn\u00e1 ambulancia a ambulancia dent\u00e1lnej hygieny<\/title>\n<meta name=\"robots\" content=\"index, follow, max-snippet:-1, max-image-preview:large, max-video-preview:-1\" \/>\n<link rel=\"canonical\" href=\"https:\/\/www.dentie.sk\/?page_id=82\" \/>\n<meta property=\"og:locale\" content=\"sk_SK\" \/>\n<meta property=\"og:type\" content=\"article\" \/>\n<meta property=\"og:title\" content=\"N\u00e1\u0161 t\u00edm - DENTIE zubn\u00e1 ambulancia a ambulancia dent\u00e1lnej hygieny\" \/>\n<meta property=\"og:url\" content=\"https:\/\/www.dentie.sk\/?page_id=82\" \/>\n<meta property=\"og:site_name\" content=\"DENTIE zubn\u00e1 ambulancia a ambulancia dent\u00e1lnej hygieny\" \/>\n<meta property=\"article:modified_time\" content=\"2021-04-28T19:02:28+00:00\" \/>\n<meta property=\"og:image\" content=\"https:\/\/www.dentie.sk\/wp-content\/uploads\/2021\/04\/DSC3739-1-1024x683.jpg\" \/>\n<meta name=\"twitter:card\" content=\"summary_large_image\" \/>\n<meta name=\"twitter:label1\" content=\"Predpokladan\u00fd \u010das \u010d\u00edtania\">\n\t<meta name=\"twitter:data1\" content=\"2 min\u00faty\">\n<script type=\"application\/ld+json\" class=\"yoast-schema-graph\">{\"@context\":\"https:\/\/schema.org\",\"@graph\":[{\"@type\":\"WebSite\",\"@id\":\"https:\/\/www.dentie.sk\/#website\",\"url\":\"https:\/\/www.dentie.sk\/\",\"name\":\"DENTIE zubn\\u00e1 ambulancia a ambulancia dent\\u00e1lnej hygieny\",\"description\":\"\",\"potentialAction\":[{\"@type\":\"SearchAction\",\"target\":\"https:\/\/www.dentie.sk\/?s={search_term_string}\",\"query-input\":\"required name=search_term_string\"}],\"inLanguage\":\"sk-SK\"},{\"@type\":\"ImageObject\",\"@id\":\"https:\/\/www.dentie.sk\/?page_id=82#primaryimage\",\"inLanguage\":\"sk-SK\",\"url\":\"https:\/\/www.dentie.sk\/wp-content\/uploads\/2021\/04\/DSC3739-1-scaled.jpg\",\"width\":2560,\"height\":1707},{\"@type\":\"WebPage\",\"@id\":\"https:\/\/www.dentie.sk\/?page_id=82#webpage\",\"url\":\"https:\/\/www.dentie.sk\/?page_id=82\",\"name\":\"N\\u00e1\\u0161 t\\u00edm - DENTIE zubn\\u00e1 ambulancia a ambulancia dent\\u00e1lnej hygieny\",\"isPartOf\":{\"@id\":\"https:\/\/www.dentie.sk\/#website\"},\"primaryImageOfPage\":{\"@id\":\"https:\/\/www.dentie.sk\/?page_id=82#primaryimage\"},\"datePublished\":\"2021-04-24T17:42:57+00:00\",\"dateModified\":\"2021-04-28T19:02:28+00:00\",\"breadcrumb\":{\"@id\":\"https:\/\/www.dentie.sk\/?page_id=82#breadcrumb\"},\"inLanguage\":\"sk-SK\",\"potentialAction\":[{\"@type\":\"ReadAction\",\"target\":[\"https:\/\/www.dentie.sk\/?page_id=82\"]}]},{\"@type\":\"BreadcrumbList\",\"@id\":\"https:\/\/www.dentie.sk\/?page_id=82#breadcrumb\",\"itemListElement\":[{\"@type\":\"ListItem\",\"position\":1,\"item\":{\"@type\":\"WebPage\",\"@id\":\"https:\/\/www.dentie.sk\/\",\"url\":\"https:\/\/www.dentie.sk\/\",\"name\":\"Home\"}},{\"@type\":\"ListItem\",\"position\":2,\"item\":{\"@type\":\"WebPage\",\"@id\":\"https:\/\/www.dentie.sk\/?page_id=82\",\"url\":\"https:\/\/www.dentie.sk\/?page_id=82\",\"name\":\"N\\u00e1\\u0161 t\\u00edm\"}}]}]}<\/script>\n<!-- \/ Yoast SEO plugin. -->","_links":{"self":[{"href":"https:\/\/www.dentie.sk\/index.php?rest_route=\/wp\/v2\/pages\/82"}],"collection":[{"href":"https:\/\/www.dentie.sk\/index.php?rest_route=\/wp\/v2\/pages"}],"about":[{"href":"https:\/\/www.dentie.sk\/index.php?rest_route=\/wp\/v2\/types\/page"}],"author":[{"embeddable":true,"href":"https:\/\/www.dentie.sk\/index.php?rest_route=\/wp\/v2\/users\/1"}],"replies":[{"embeddable":true,"href":"https:\/\/www.dentie.sk\/index.php?rest_route=%2Fwp%2Fv2%2Fcomments&post=82"}],"version-history":[{"count":5,"href":"https:\/\/www.dentie.sk\/index.php?rest_route=\/wp\/v2\/pages\/82\/revisions"}],"predecessor-version":[{"id":233,"href":"https:\/\/www.dentie.sk\/index.php?rest_route=\/wp\/v2\/pages\/82\/revisions\/233"}],"wp:attachment":[{"href":"https:\/\/www.dentie.sk\/index.php?rest_route=%2Fwp%2Fv2%2Fmedia&parent=82"}],"curies":[{"name":"wp","href":"https:\/\/api.w.org\/{rel}","templated":true}]}}