{"id":13,"date":"2021-04-24T17:30:15","date_gmt":"2021-04-24T15:30:15","guid":{"rendered":"https:\/\/www.dentie.sk\/?page_id=13"},"modified":"2022-03-16T11:57:29","modified_gmt":"2022-03-16T10:57:29","slug":"ordinacne-hodiny","status":"publish","type":"page","link":"https:\/\/www.dentie.sk\/?page_id=13","title":{"rendered":"Ordina\u010dn\u00e9 hodiny"},"content":{"rendered":"\n<p><\/p>\n\n\n\n<p class=\"has-black-color has-text-color\"><strong>Zubn\u00e1 ambulancia:<\/strong><\/p>\n\n\n\n<p class=\"has-black-color has-text-color\">Pondelok, Utorok, \u0160tvrtok 8:00-15:30  (obed 12:00-12:30)<\/p>\n\n\n\n<p class=\"has-black-color has-text-color\">Streda 12:30 &#8211; 18:00<\/p>\n\n\n\n<p class=\"has-black-color has-text-color\">Piatok 8:00 &#8211; 13:30<\/p>\n\n\n\n<p class=\"has-black-color has-text-color\"><strong>Dent\u00e1lna hygiena:<\/strong><\/p>\n\n\n\n<p class=\"has-black-color has-text-color\">pod\u013ea objedn\u00e1vok \/aj v\u00edkendy\/<\/p>\n","protected":false},"excerpt":{"rendered":"<p>Zubn\u00e1 ambulancia: Pondelok, Utorok, \u0160tvrtok 8:00-15:30 (obed 12:00-12:30) Streda 12:30 &#8211; 18:00 Piatok 8:00 &#8211; 13:30 Dent\u00e1lna hygiena: pod\u013ea objedn\u00e1vok \/aj v\u00edkendy\/<\/p>\n","protected":false},"author":1,"featured_media":0,"parent":0,"menu_order":0,"comment_status":"closed","ping_status":"closed","template":"","meta":[],"yoast_head":"<!-- This site is optimized with the Yoast SEO plugin v16.0.2 - https:\/\/yoast.com\/wordpress\/plugins\/seo\/ -->\n<title>Ordina\u010dn\u00e9 hodiny - DENTIE zubn\u00e1 ambulancia a ambulancia dent\u00e1lnej hygieny<\/title>\n<meta name=\"robots\" content=\"index, follow, max-snippet:-1, max-image-preview:large, max-video-preview:-1\" \/>\n<link rel=\"canonical\" href=\"https:\/\/www.dentie.sk\/?page_id=13\" \/>\n<meta property=\"og:locale\" content=\"sk_SK\" \/>\n<meta property=\"og:type\" content=\"article\" \/>\n<meta property=\"og:title\" content=\"Ordina\u010dn\u00e9 hodiny - DENTIE zubn\u00e1 ambulancia a ambulancia dent\u00e1lnej hygieny\" \/>\n<meta property=\"og:description\" content=\"Zubn\u00e1 ambulancia: Pondelok, Utorok, \u0160tvrtok 8:00-15:30 (obed 12:00-12:30) Streda 12:30 &#8211; 18:00 Piatok 8:00 &#8211; 13:30 Dent\u00e1lna hygiena: pod\u013ea objedn\u00e1vok \/aj v\u00edkendy\/\" \/>\n<meta property=\"og:url\" content=\"https:\/\/www.dentie.sk\/?page_id=13\" \/>\n<meta property=\"og:site_name\" content=\"DENTIE zubn\u00e1 ambulancia a ambulancia dent\u00e1lnej hygieny\" \/>\n<meta property=\"article:modified_time\" content=\"2022-03-16T10:57:29+00:00\" \/>\n<meta name=\"twitter:card\" content=\"summary_large_image\" \/>\n<meta name=\"twitter:label1\" content=\"Predpokladan\u00fd \u010das \u010d\u00edtania\">\n\t<meta name=\"twitter:data1\" content=\"1 min\u00fata\">\n<script type=\"application\/ld+json\" class=\"yoast-schema-graph\">{\"@context\":\"https:\/\/schema.org\",\"@graph\":[{\"@type\":\"WebSite\",\"@id\":\"https:\/\/www.dentie.sk\/#website\",\"url\":\"https:\/\/www.dentie.sk\/\",\"name\":\"DENTIE zubn\\u00e1 ambulancia a ambulancia dent\\u00e1lnej hygieny\",\"description\":\"\",\"potentialAction\":[{\"@type\":\"SearchAction\",\"target\":\"https:\/\/www.dentie.sk\/?s={search_term_string}\",\"query-input\":\"required name=search_term_string\"}],\"inLanguage\":\"sk-SK\"},{\"@type\":\"WebPage\",\"@id\":\"https:\/\/www.dentie.sk\/?page_id=13#webpage\",\"url\":\"https:\/\/www.dentie.sk\/?page_id=13\",\"name\":\"Ordina\\u010dn\\u00e9 hodiny - DENTIE zubn\\u00e1 ambulancia a ambulancia dent\\u00e1lnej hygieny\",\"isPartOf\":{\"@id\":\"https:\/\/www.dentie.sk\/#website\"},\"datePublished\":\"2021-04-24T15:30:15+00:00\",\"dateModified\":\"2022-03-16T10:57:29+00:00\",\"breadcrumb\":{\"@id\":\"https:\/\/www.dentie.sk\/?page_id=13#breadcrumb\"},\"inLanguage\":\"sk-SK\",\"potentialAction\":[{\"@type\":\"ReadAction\",\"target\":[\"https:\/\/www.dentie.sk\/?page_id=13\"]}]},{\"@type\":\"BreadcrumbList\",\"@id\":\"https:\/\/www.dentie.sk\/?page_id=13#breadcrumb\",\"itemListElement\":[{\"@type\":\"ListItem\",\"position\":1,\"item\":{\"@type\":\"WebPage\",\"@id\":\"https:\/\/www.dentie.sk\/\",\"url\":\"https:\/\/www.dentie.sk\/\",\"name\":\"Home\"}},{\"@type\":\"ListItem\",\"position\":2,\"item\":{\"@type\":\"WebPage\",\"@id\":\"https:\/\/www.dentie.sk\/?page_id=13\",\"url\":\"https:\/\/www.dentie.sk\/?page_id=13\",\"name\":\"Ordina\\u010dn\\u00e9 hodiny\"}}]}]}<\/script>\n<!-- \/ Yoast SEO plugin. -->","_links":{"self":[{"href":"https:\/\/www.dentie.sk\/index.php?rest_route=\/wp\/v2\/pages\/13"}],"collection":[{"href":"https:\/\/www.dentie.sk\/index.php?rest_route=\/wp\/v2\/pages"}],"about":[{"href":"https:\/\/www.dentie.sk\/index.php?rest_route=\/wp\/v2\/types\/page"}],"author":[{"embeddable":true,"href":"https:\/\/www.dentie.sk\/index.php?rest_route=\/wp\/v2\/users\/1"}],"replies":[{"embeddable":true,"href":"https:\/\/www.dentie.sk\/index.php?rest_route=%2Fwp%2Fv2%2Fcomments&post=13"}],"version-history":[{"count":5,"href":"https:\/\/www.dentie.sk\/index.php?rest_route=\/wp\/v2\/pages\/13\/revisions"}],"predecessor-version":[{"id":326,"href":"https:\/\/www.dentie.sk\/index.php?rest_route=\/wp\/v2\/pages\/13\/revisions\/326"}],"wp:attachment":[{"href":"https:\/\/www.dentie.sk\/index.php?rest_route=%2Fwp%2Fv2%2Fmedia&parent=13"}],"curies":[{"name":"wp","href":"https:\/\/api.w.org\/{rel}","templated":true}]}}